0 - (-8 - -61))).
-52
3 + -32 + (-515 - -546)
2
Evaluate -14 - (2 - 66) - (15 - 22 - -13).
44
(-42 - -35 - 22) + -14
-43
What is -13 + (109 - -4) + (2 - 19) + (-16 - -23)?
90
What is (45 - (37 - 15) - -68) + 23 + -7?
107
Evaluate -35 - (-69 + -7) - 67 - -42.
16
Calculate -19 + 1 - (-90 + (-8 - (16 + -48))).
48
What is 28 - 4 - (19 + -21) - 9?
17
What is the value of (-3 - 17) + -13 + (-77 - -21)?
-89
Evaluate (-25 - -39) + (2 - 29) + (59 - 9).
37
21 + -64 + (-19 - -152) - (1 + -3 + 7)
85
Evaluate -34 + -20 + 69 + -33 + 3.
-15
3 - -50 - (-11 + (-117 - -106))
75
(0 - 27 - (518 + -550)) + 50
55
What is the value of 37 + -36 + 20 + 23?
44
Calculate (-16 - (10 - -9)) + 21 + -3.
-17
Evaluate 9 + 7 + -1 + (-2 + 2 + 16 - 16).
15
(-27 - -80) + -45 - (52 - 1)
-43
What is (53 - 63) + 13 + -6 + -5?
-8
(-15 - -5) + 4 - (-83 + 111)
-34
Evaluate (6 + 2 - 3) + 12 + (7 - 87).
-63
Evaluate -5 + 6 + (-12 - 7) + 32.
14
What is (-32 - (-19 + 10 + 15 - 25)) + -97?
-110
Evaluate 29 + (3 - -6 - 5) + 39 + -36.
36
What is 102 - (-62 - (-23 - 76))?
65
Calculate -16 - 0 - (-43 + (14 - -37)).
-24
What is 27 + (-166 - -187 - (21 + 2))?
25
What is (59 - (146 + -42)) + 99?
54
(127 - 118) + 1 + (-11 - -1) - 3 - 54
-57
What is (37 - 23 - -5) + (13 - -9)?
41
What is -333 + 354 + -2 + 3 - 31?
-9
Calculate (-9 - (4 - 13)) + -24 + -7 + 20.
-11
-21 + (27 - (9 + -37))
34
Calculate (118 - (3 - 2)) + (42 - 9) + -32 - 14.
104
What is -19 + 23 + 65 - 32?
37
What is 42 - (-10 - (-9 + 18 - 3))?
58
-200 - (-168 + -36) - (47 - (0 + 1))
-42
What is -4 - (8 - (-8 - 6)) - 17?
-43
-60 + 42 - -100 - 64
18
Calculate 7 - -1 - ((-8 - 5) + (4 - 12 - -36)).
-7
Evaluate -13 + -16 + 54 + -18 - -29.
36
Evaluate 2 - 15 - ((-15 - (37 + -146)) + -11).
-96
What is (-109 - 1) + (11690 - 11644)?
-64
(-19 + 12 - 9 - 16) + (-2 - 3)
-37
Evaluate 42 + (-48 - -13 - -24).
31
8 - (51 - (15 - (-13 - -4)))
-19
Evaluate -18 + (89 - 50) + -39.
-18
What is (78 - ((8 - (3 - -5)) + -9 + 11)) + 15?
91
Evaluate 163 - ((-120 - -34) + 201).
48
Evaluate -43 + (0 - 3) + -16 + 42 + -19.
-39
Evaluate 7 - -23 - (317 + -395).
108
What is 155 - (9 + 96 + -15)?
65
What is the value of 11 - (3 - -8 - -7) - (9 - 29)?
13
What is (-46 - (10 - 41)) + 31?
16
Calculate -43 + ((-11 - -18) + -7 + 2 - 9) - -1.
-49
What is -2 + 1 + (2 - -38) + 177 + -204 + -62?
-50
59 - (-22 - (119 + -98))
102
Calculate (12 - (-2 + 3) - 19) + 4 + (2 - -8).
6
What is the value of 0 - -71 - (-5025 + 5088)?
8
Calculate (-4 - (20 + 0)) + -14 + 5.
-33
What is 1474 - 1495 - (-54 + 4)?
29
Calculate (-6 - (12 + (-19 - -1) + (-30 - -39))) + 41.
32
What is -97 + (112 - 19) + -43?
-47
Evaluate -10 - (-34 + 14 + 18) - (3 + -12 - -3).
-2
Calculate -45 + (4 - 2) + (109 - 126) + 9 + 1.
-50
Calculate (7 - 7) + 18 - ((9 - 13) + 13).
9
Evaluate 80 + (-101 - -167) + -107.
39
(0 - -17) + (13 - (28 - -35)) + -61
-94
67 + -68 + -15 - -45
29
What is (-6 - 2) + 8 - (1 - (23 - -6))?
28
What is 31 - (96 + (113 - 89))?
-89
Calculate (113 - 126) + (8 - (-12 - -4)).
3
What is the value of (-149 - -147 - (1 + -5)) + -9 - 69 - 3?
-79
-9 + 11 + (-13 - (-1 - 14))
4
Calculate 15 + (-93 - (-1 + -16 + 24)).
-85
Evaluate (-18 - -16) + 261 + -263.
-4
(104 - 119 - -49) + -2 + 1 + 7
40
What is the value of -56 - ((-52 - -26) + 6) - 7?
-43
What is the value of 6 + -10 + 19 + 1?
16
Evaluate (4 - 0) + 52 + (-33 - 56) + -8 + -2.
-43
Calculate 118 + 10 + -105 - (0 + -7).
30
Evaluate 29 - -12 - 89 - -101.
53
Evaluate -12 + 31 + (-286 - -211).
-56
Calculate (-1 + -3 - (357 - 371)) + -2 + (-1 - 6).
1
What is (1402 - 1423) + 3 + (-1 - 0) + -4?
-23
What is (-499 - -409) + 4 + 40?
-46
What is 242 - (220 - -7) - (-15 - 1)?
31
What is the value of 1 + 60 - -1 - (6690 + -6685)?
57
What is 123 + (-110 - 89) + -35?
-111
Evaluate (-22587 - -22574) + (-2 - -1) + 0 + -1 + -55.
-70
What is the value of -1342 - -1330 - ((64 - (-3 - 1)) + (3 - 0))?
-83
What is (-1 - -12) + (-48 + 32 - -12) + 5 + 3?
15
What is the value of (-17 + -26 - -22) + -1?
-22
76 + -110 - -85 - -44
95
Evaluate (8 + (-12 + 12 - 11) - 10) + 34.
21
Evaluate 82 + -8 + (-10 - -48) + -21 - 2.
89
(44 - (14 - 7)) + (-6 - (-1 + -8))
40
-10 + (13 - 8) + 5 + (46 - (-3 + 1))
48
1 + -6 + (-10 - 23) + (-15 - -10)
-43
40 - ((24 - -19 - -33) + -3)
-33
Calculate -783 + 744 + -3 + 63.
21
(2 - -52) + (50 - (154 + -79))
29
What is the value of (1 - (-70 + 34 + 34)) + 86 + 1 + 0?
90
5 - (44 - 36 - (16 - 1) - -37)
-25
454 - 433 - (40 - 1) - (-1 - -3 - -5)
-25
Calculate (16 + -49 + 3 - -72) + (7 - 5 - 0).
44
What is -1 - (-8 + -4) - (14 + (15 - 45) + 117)?
-90
What is (-25 - -23) + 5 - 65?
-62
Calculate 0 - -16 - ((-50 - -266) + -251).
51
-4 + 90 + (4 - (12 + -18))
96
Calculate (89 - 27) + -100 + 81.
43
What is -17 + (-86 - 4 - 1) + (10 - 12)?
-110
Evaluate (-44 - 27) + 98 - 29.
-2
(51 - 35 - (3 + -5)) + -9 + (1 - 9)
1
Calculate 3 - -34 - (182 + -128).
-17
What is 0 + -4 - 1 - (83 + (-73 - 24))?
9
What is (8 + -9 - 41) + (88 - 87)?
-41
-15 + 50 + -23 - 1
11
11 + (-2 + (-40 - -4) - (28 - -7 - 26))
-36
Evaluate (-2 - (-23 - 4 - 82)) + -35.
72
Calculate 16 - (-5 - -4) - (-463 - -456).
24
What is the value of (232 - 26) + -248 - (0 + 15 - -1)?
-58
-79 + (-4 - 2) + 25 + (47 - 53)
-66
What is the value of -3 + (-69 - (-151 + 93))?
-14
Evaluate 45 + 0 + -18 + -2 + (105 - 79).
51
-141 - -133 - (3 - -19)
-30
Evaluate 1 + -52 - ((-11 - -18) + (25 - 45)).
-38
What is -57 + 66 - (-8 + 27 - -26)?
-36
Evaluate -17 - 96 - (-31 - (-11 - 25)).
-118
76 + 4 - (-1205 + 1240)
45
What is the value of (-2 - -5 - 12) + -3285 + 3308?
14
Evaluate (-12 - -21 - 15) + (-3 + 10 - 0 - -31).
32
0 - (9 + 7) - (119 + -109)
-26
What is the value of (-78 - -1) + (-3 - 1) - (-38 - 33 - -60)?
-70
Evaluate -28 + (30 - 10) - (19 + 49).
-76
Evaluate 56 + 68 + (18 - 63).
79
What is the value of -12 + 1 - (-17 - (-12 + 0)) - -23?
17
What is -34 + -4 + -2 + 33 + 43?
36
Evaluate 8 + (-15 - -10) + 11 + (-5 - 0) - 32.
-23
Evaluate (42 - (42 + 11)) + -27.
-38
What is 116 + -64 + 4 + -33?
23
(17 + -14 + (22 - 24) - 126) + 2 + 3
-120
What is (-28 - (-16 + -22)) + -52?
-42
What is 375 - 362 - (17 - 0) - -110?
106
Calculate -130 + 4 + (-205 - -248).
-83
Evaluate -65 - (52 + -82 + 21).
-56
(-3 - -22) + (79 + -68 - 98)
-68
1 + -8 + (-32 - (8 - 45)) + 64
62
-33 + 42 - 45 - -44
8
Calculate -42 + -3 - (-1052 - -1029).
-22
What is -8 + -16 - (8 - -4 - 20)?
-16
-1335 + 1297 - (2 - (-1 - -6))
-35
What is the value of -61 - (-72 + (-25 - -49))?
-13
What is -285 + 214 + 1 + 57?
-13
Calculate (4 - -37) + (9 - (-9 - (-32 + 13))) + -8.
32
What is the value of 0 + -21 - 0 - (-21 + 35)?
-35
Evaluate (208 - 239) + 13 + -6 + 4.
-20
What is the value of (34 + -9 - 11) + -3 + (20 - -18) + -17?
32
What is the value of 25 + (-13 - ((-7 - 11) + 27))?
3
Calculate 34 - (9 + -2 + (-63 - -52)).
38
(11 - 1) + (16 - 34) - (8 + -23 - 140)
147
What is the value of 7 + -34 + 33 - -5?
11
Evaluate -3 - (0 + -2 + (-47 - -60) - 141).
127
(1070 - 1103) + (28 - 0) - -71
66
What is -46 - (55 + (14 - 73))?
-42
What is the value of -23 - (-11 + -1) - -24 - -3 - -10?
26
What is the value of (74 - (101 - 58)) + -48 + 17?
0
What is the value of -1 + (22 - 40) + -27 + 16?
-30
What is 19 - 133 - (-54 - -6)?
-66
Evaluate (31 - 6 - (88 - 4)) + 2.
-57
Evaluate 15 + 19 + -44 + 6 + (0 - (-3 - -3)).
-4
(19 - -2 - -2) + -2 - 71
-50
Evaluate 2 + -64 + -17 + (6 - 19 - -18).
-74
Calculate 50 + -84 + 99 + -121.
-56
Calculate (-24 + 0 - -15) + 35 - 14.
12
83 + 0 + 1 + 46 + -66
64
What is (25 - 77 - -16) + -12 + 2?
-46
Evaluate 7 + 16 + -9 - (4 + 2 + -5).
13
Evaluate -17 - (22 - (29 + (-17 + 10 - 9))).
-26
0 + 0 + -7 - (-25 + (59 - 16))
-25
Evaluate 18 + (-1 - (1 + 0)) + 21.
37
What is the value of -8 - 1 - (-70 + 37 + 38 + -20)?
6
Evaluate 29 - 57 - (3 + -6).
-25
What is (-82 - -159) + 9 + -78?
8
Evaluate 0 + 12 + (6 - 4) + -57 + (8 - 2).
-37
-84 - (-1374 + 1355 - ((-13 - 2) + -2))
-82
What is 28 + (17 - (31 - 33))?
47
Evaluate (530 + -461 - (2 - 0 - 7)) + -11.
63
What is -29 + 81 + -31 - (44 + 2)?
-25
Evaluate -47 - (-29 + 14 + (-30 - -25)).
-27
Evaluate -5 - (-73 - -42) - (1 - -1).
24
What is 81 - (63 + (29 - -15))?
-26
What is the value of -50 + 85 + -76 - (-19 - -39)?
-61
Calculate (3 - 9) + -11 + 34 + -17 + -18.
-18
What is 148 + -179 + 5 + -5 - -10?
-21
Calculate ((-30